{"id":3175,"date":"2019-03-16T20:51:55","date_gmt":"2019-03-16T20:51:55","guid":{"rendered":"https:\/\/goya.everthemes.com\/demo-basic\/my-account\/"},"modified":"2021-01-25T14:27:21","modified_gmt":"2021-01-25T13:27:21","slug":"my-account-2","status":"publish","type":"page","link":"https:\/\/knyphausen-wein.de\/homepage\/my-account-2\/","title":{"rendered":"Mein Konto"},"content":{"rendered":"<div class=\"woocommerce\">\n\n<div class=\"form-distr-free-bg\">\n\t<div class=\"col-lg-6\">\n\t\t<div><\/div>\n\t<\/div>\n\t<div class=\"col-lg-6 right-bg\">\n\t\t<div><\/div>\n\t<\/div>\n<\/div>\n\n<div class=\"container\">\n\n\t<div class=\"woocommerce-notices-wrapper\"><\/div>\n\t<div class=\"et-overflow-container et-login-wrapper no_popup\">\n\n\t\t<div class=\"et-form-container\">\n\t\t\t\n\t\t\t<div id=\"et-login-form\" class=\" col-lg-4\">\n\n\t\t\t\t<h2 class=\"page-title\">Anmelden<\/h2>\n\n\t\t\t\t\n\t\t\t\t\t<form class=\"woocommerce-form woocommerce-form-login login\" method=\"post\">\n\n\t\t\t\t\n\t\t\t\t\t\n\t\t\t\t\t<p class=\"woocommerce-form-row woocommerce-form-row--wide form-row form-row-wide\">\n\t\t\t\t\t\t<label for=\"username\">Benutzername oder E-Mail-Adresse&nbsp;<span class=\"required\">*<\/span><\/label>\n\t\t\t\t\t\t<input type=\"text\" class=\"woocommerce-Input woocommerce-Input--text input-text\" name=\"username\" id=\"username\" autocomplete=\"username\" value=\"\" \/>\t\t\t\t\t<\/p>\n\t\t\t\t\t<p class=\"woocommerce-form-row woocommerce-form-row--wide form-row form-row-wide\">\n\t\t\t\t\t\t<label for=\"password\">Passwort&nbsp;<span class=\"required\">*<\/span><\/label>\n\t\t\t\t\t\t<input class=\"woocommerce-Input woocommerce-Input--text input-text\" type=\"password\" name=\"password\" id=\"password\" autocomplete=\"current-password\" \/>\n\t\t\t\t\t<\/p>\n\n\t\t\t\t\t\n\t\t\t\t\t<p class=\"form-row form-group\">\n\t\t\t\t\t\t<label class=\"woocommerce-form__label woocommerce-form__label-for-checkbox woocommerce-form-login__rememberme inline\">\n\t\t\t\t\t\t\t<input class=\"woocommerce-form__input woocommerce-form__input-checkbox\" name=\"rememberme\" type=\"checkbox\" id=\"rememberme\" value=\"forever\" \/> <span>Angemeldet bleiben<\/span>\n\t\t\t\t\t\t<\/label>\n\t\t\t\t\t\t<span class=\"woocommerce-LostPassword lost_password\">\n\t\t\t\t\t\t\t<a href=\"https:\/\/knyphausen-wein.de\/homepage\/my-account-2\/passwort-vergessen\/\">Passwort vergessen?<\/a>\n\t\t\t\t\t\t<\/span>\n\t\t\t\t\t<\/p>\n\n\t\t\t\t\t<p class=\"form-actions\">\n\t\t\t\t\t\t<input type=\"hidden\" id=\"woocommerce-login-nonce\" name=\"woocommerce-login-nonce\" value=\"c132f4c950\" \/><input type=\"hidden\" name=\"_wp_http_referer\" value=\"\/homepage\/wp-json\/wp\/v2\/pages\/3175\" \/>\t\t\t\t\t\t<button type=\"submit\" class=\"woocommerce-button button woocommerce-form-login__submit\" name=\"login\" value=\"Anmelden\">Anmelden<\/button>\n\t\t\t\t\t<\/p>\n\n\t\t\t\t\t\n\t\t\t\t\t\t\t\t\t\t\t\t\t\n\t\t\t<p class=\"form-actions extra\">Noch kein Kunde?<a href=\"#et-register-wrap\" class=\"register-link\">Registrieren<\/a><\/p>\n\t\t\n\t\t\t\t\t\t\t\t\n\t\t\t\t\t\n\t\t\t\t\t\n\t\t\t\t<\/form>\n\n\t\t\t<\/div>\n\t\t\t\t\t\t\n\t\t\t\t\t\t\t\n\t\t\t\t\t\t\t\t\t<div class=\"login-divider col-lg-2\"><div><\/div><\/div>\n\t\t\t\t\n\t\t\t\t<div id=\"et-register-form\" class=\"col-lg-4\">\n\n\t\t\t\t\t<h2 class=\"page-title\">Registrieren<\/h2>\n\n\t\t\t\t\t\n\t\t\t\t\t\t<form method=\"post\" class=\"woocommerce-form woocommerce-form-register register\" enctype=\"multipart\/form-data\">\n\t\t\t\t\t\t\t\n\t\t\t\t\t\n\t\t\t\t\t\n\t\t\t\t\t\n\t\t\t\t\t<p class=\"woocommerce-form-row woocommerce-form-row--wide form-row form-row-wide\">\n\t\t\t\t\t\t<label for=\"reg_email\">E-Mail-Adresse&nbsp;<span class=\"required\">*<\/span><\/label>\n\t\t\t\t\t\t<input type=\"email\" class=\"woocommerce-Input woocommerce-Input--text input-text\" name=\"email\" id=\"reg_email\" autocomplete=\"email\" value=\"\" \/>\t\t\t\t\t<\/p>\n\n\t\t\t\t\t\n\t\t\t\t\t\t<p>Ein Link zum Erstellen eines neuen Passwort wird an deine E-Mail-Adresse gesendet.<\/p>\n\n\t\t\t\t\t\t\n\t\t\t\t\t\t<p class=\"form-row \" id=\"b2b_uid_field\" data-priority=\"\"><label for=\"b2b_uid\" class=\"\">UST-ID&nbsp;<span class=\"optional\">(optional)<\/span><\/label><span class=\"woocommerce-input-wrapper\"><input type=\"text\" class=\"input-text \" name=\"b2b_uid\" id=\"b2b_uid\" placeholder=\"\"  value=\"\"  \/><\/span><\/p><p class=\"form-row \" id=\"b2b_company_registration_number_field\" data-priority=\"\"><label for=\"b2b_company_registration_number\" class=\"\">Handelsregisternummer&nbsp;<span class=\"optional\">(optional)<\/span><\/label><span class=\"woocommerce-input-wrapper\"><input type=\"text\" class=\"input-text \" name=\"b2b_company_registration_number\" id=\"b2b_company_registration_number\" placeholder=\"\"  value=\"\"  \/><\/span><\/p>\t\t<p class=\"form-row b2b-upload-field\" id=\"b2b_upload_field\" data-priority=\"\">\n\t\t\t<label for=\"b2b_document_upload\" class=\"\">Dokumenten-Upload (PDF, max. 800kb) <span>(optional)<\/span><\/label>\n\t\t\t<span class=\"woocommerce-input-wrapper\">\n\t\t\t\t<input type='file' name='b2b_document_upload' class=\"b2b-document-upload\" id='b2b_document_upload' accept='application\/pdf'>\n\t\t\t<\/span>\n\t\t<\/p>\n\t\t<wc-order-attribution-inputs><\/wc-order-attribution-inputs><p class=\"form-row validate-required\" id=\"german_market_privacy_declaration_field\" data-priority=\"999\"><span class=\"woocommerce-input-wrapper\">\n\t\t\t\t\t<label class=\"woocommerce-form__label woocommerce-form__label-for-checkbox inline\">\n\t\t\t\t\t\t<input class=\"woocommerce-form__input woocommerce-form__input-checkbox\" name=\"german_market_privacy_declaration\" type=\"checkbox\" id=\"german_market_privacy_declaration\" value=\"1\" \/><span>Ich habe die <a href=\"https:\/\/knyphausen-wein.de\/homepage\/datenschutzerklarung\/\" class=\"wgm-privacy\" target=\"_blank\">Datenschutzerkl\u00e4rung<\/a> gelesen und stimme ihr zu.<\/span>&nbsp;<span class=\"required\">*<\/span>\n\t\t\t\t\t<\/label>\n\t\t\t\t<\/span><\/p>\n\t\t\t\t\t\t<p class=\"woocommerce-form-row form-row\">\n\t\t\t\t\t\t\t<input type=\"hidden\" id=\"woocommerce-register-nonce\" name=\"woocommerce-register-nonce\" value=\"26d9bbfb44\" \/><input type=\"hidden\" name=\"_wp_http_referer\" value=\"\/homepage\/wp-json\/wp\/v2\/pages\/3175\" \/>\t\t\t\t\t\t\t<button type=\"submit\" class=\"woocommerce-Button woocommerce-button button woocommerce-form-register__submit\" name=\"register\" value=\"Registrieren\">Registrieren<\/button>\n\t\t\t\t\t\t<\/p>\n\n\t\t\t\t\t\t\t\t\t\n\t\t\t<p class=\"form-actions extra\">Bereits Kunde?<a href=\"#et-login-wrap\" class=\"login-link\">Anmelden<\/a><\/p>\n\t\t\n\t\t\n\t\t\t\t\t\t\n\t\t\t\t\t<\/form>\n\n\t\t\t\t<\/div>\n\t\t\n\t\t\t\n\t\t<\/div>\n\n\t<\/div>\n\t\n\t\n<\/div>\n<\/div>\n","protected":false},"excerpt":{"rendered":"Anmelden Benutzername oder E-Mail-Adresse&nbsp;* Passwort&nbsp;* Angemeldet bleiben Passwort vergessen? Anmelden Noch kein Kunde?Registrieren Registrieren E-Mail-Adresse&nbsp;* Ein Link zum Erstellen eines neuen Passwort wird an deine E-Mail-Adresse gesendet. UST-ID&nbsp;(optional)Handelsregisternummer&nbsp;(optional) Dokumenten-Upload (PDF, max. 800kb) (optional) Ich habe die Datenschutzerkl\u00e4rung gelesen und stimme ihr zu.&nbsp;* Registrieren Bereits Kunde?Anmelden","protected":false},"author":1,"featured_media":0,"parent":0,"menu_order":0,"comment_status":"closed","ping_status":"closed","template":"","meta":{"inline_featured_image":false,"footnotes":""},"class_list":["post-3175","page","type-page","status-publish","hentry"],"yoast_head":"<!-- This site is optimized with the Yoast SEO Premium plugin v15.9.1 - https:\/\/yoast.com\/wordpress\/plugins\/seo\/ -->\n<title>Mein Konto - Baron Knyphausen<\/title>\n<meta name=\"description\" content=\"Baron Knyphausen - Wei\u00dfweine, Ros\u00e9, Rotweine, Schaumweine von h\u00f6chster Qualit\u00e4t und f\u00fcr jeden Anlass jetzt online nach Hause bestellen.\" \/>\n<link rel=\"canonical\" href=\"https:\/\/knyphausen-wein.de\/homepage\/my-account-2\/\" \/>\n<meta property=\"og:locale\" content=\"de_DE\" \/>\n<meta property=\"og:type\" content=\"article\" \/>\n<meta property=\"og:title\" content=\"Mein Konto - Baron Knyphausen\" \/>\n<meta property=\"og:description\" content=\"Baron Knyphausen - Wei\u00dfweine, Ros\u00e9, Rotweine, Schaumweine von h\u00f6chster Qualit\u00e4t und f\u00fcr jeden Anlass jetzt online nach Hause bestellen.\" \/>\n<meta property=\"og:url\" content=\"https:\/\/knyphausen-wein.de\/homepage\/my-account-2\/\" \/>\n<meta property=\"og:site_name\" content=\"Baron Knyphausen\" \/>\n<meta property=\"article:publisher\" content=\"https:\/\/www.facebook.com\/weingutbaronknyphausen\" \/>\n<meta property=\"article:modified_time\" content=\"2021-01-25T13:27:21+00:00\" \/>\n<meta property=\"og:image\" content=\"https:\/\/knyphausen-wein.de\/wp-content\/uploads\/2021\/02\/Knyphausen_PreOpening_0194_Web_EBVsRGB.jpg\" \/>\n\t<meta property=\"og:image:width\" content=\"1935\" \/>\n\t<meta property=\"og:image:height\" content=\"1290\" \/>\n<meta name=\"twitter:card\" content=\"summary_large_image\" \/>\n<script type=\"application\/ld+json\" class=\"yoast-schema-graph\">{\"@context\":\"https:\/\/schema.org\",\"@graph\":[{\"@type\":\"Organization\",\"@id\":\"https:\/\/knyphausen-wein.de\/homepage\/#organization\",\"name\":\"Baron Knyphausen\",\"url\":\"https:\/\/knyphausen-wein.de\/homepage\/\",\"sameAs\":[\"https:\/\/www.facebook.com\/weingutbaronknyphausen\",\"https:\/\/www.instagram.com\/weingutbaronknyphausen\/\"],\"logo\":{\"@type\":\"ImageObject\",\"@id\":\"https:\/\/knyphausen-wein.de\/homepage\/#logo\",\"inLanguage\":\"de\",\"url\":\"https:\/\/knyphausen-wein.de\/wp-content\/uploads\/2021\/02\/logo_bk_png.png\",\"width\":486,\"height\":162,\"caption\":\"Baron Knyphausen\"},\"image\":{\"@id\":\"https:\/\/knyphausen-wein.de\/homepage\/#logo\"}},{\"@type\":\"WebSite\",\"@id\":\"https:\/\/knyphausen-wein.de\/homepage\/#website\",\"url\":\"https:\/\/knyphausen-wein.de\/homepage\/\",\"name\":\"Baron Knyphausen\",\"description\":\"Weinshop\",\"publisher\":{\"@id\":\"https:\/\/knyphausen-wein.de\/homepage\/#organization\"},\"potentialAction\":[{\"@type\":\"SearchAction\",\"target\":\"https:\/\/knyphausen-wein.de\/homepage\/?s={search_term_string}\",\"query-input\":\"required name=search_term_string\"}],\"inLanguage\":\"de\"},{\"@type\":\"WebPage\",\"@id\":\"https:\/\/knyphausen-wein.de\/homepage\/my-account-2\/#webpage\",\"url\":\"https:\/\/knyphausen-wein.de\/homepage\/my-account-2\/\",\"name\":\"Mein Konto - Baron Knyphausen\",\"isPartOf\":{\"@id\":\"https:\/\/knyphausen-wein.de\/homepage\/#website\"},\"datePublished\":\"2019-03-16T20:51:55+00:00\",\"dateModified\":\"2021-01-25T13:27:21+00:00\",\"description\":\"Baron Knyphausen - Wei\\u00dfweine, Ros\\u00e9, Rotweine, Schaumweine von h\\u00f6chster Qualit\\u00e4t und f\\u00fcr jeden Anlass jetzt online nach Hause bestellen.\",\"breadcrumb\":{\"@id\":\"https:\/\/knyphausen-wein.de\/homepage\/my-account-2\/#breadcrumb\"},\"inLanguage\":\"de\",\"potentialAction\":[{\"@type\":\"ReadAction\",\"target\":[\"https:\/\/knyphausen-wein.de\/homepage\/my-account-2\/\"]}]},{\"@type\":\"BreadcrumbList\",\"@id\":\"https:\/\/knyphausen-wein.de\/homepage\/my-account-2\/#breadcrumb\",\"itemListElement\":[{\"@type\":\"ListItem\",\"position\":1,\"item\":{\"@type\":\"WebPage\",\"@id\":\"https:\/\/knyphausen-wein.de\/homepage\/\",\"url\":\"https:\/\/knyphausen-wein.de\/homepage\/\",\"name\":\"Startseite\"}},{\"@type\":\"ListItem\",\"position\":2,\"item\":{\"@type\":\"WebPage\",\"@id\":\"https:\/\/knyphausen-wein.de\/homepage\/my-account-2\/\",\"url\":\"https:\/\/knyphausen-wein.de\/homepage\/my-account-2\/\",\"name\":\"Mein Konto\"}}]}]}<\/script>\n<!-- \/ Yoast SEO Premium plugin. -->","_links":{"self":[{"href":"https:\/\/knyphausen-wein.de\/homepage\/wp-json\/wp\/v2\/pages\/3175","targetHints":{"allow":["GET"]}}],"collection":[{"href":"https:\/\/knyphausen-wein.de\/homepage\/wp-json\/wp\/v2\/pages"}],"about":[{"href":"https:\/\/knyphausen-wein.de\/homepage\/wp-json\/wp\/v2\/types\/page"}],"author":[{"embeddable":true,"href":"https:\/\/knyphausen-wein.de\/homepage\/wp-json\/wp\/v2\/users\/1"}],"replies":[{"embeddable":true,"href":"https:\/\/knyphausen-wein.de\/homepage\/wp-json\/wp\/v2\/comments?post=3175"}],"version-history":[{"count":1,"href":"https:\/\/knyphausen-wein.de\/homepage\/wp-json\/wp\/v2\/pages\/3175\/revisions"}],"predecessor-version":[{"id":3369,"href":"https:\/\/knyphausen-wein.de\/homepage\/wp-json\/wp\/v2\/pages\/3175\/revisions\/3369"}],"wp:attachment":[{"href":"https:\/\/knyphausen-wein.de\/homepage\/wp-json\/wp\/v2\/media?parent=3175"}],"curies":[{"name":"wp","href":"https:\/\/api.w.org\/{rel}","templated":true}]}}