{"id":13523,"date":"2025-03-10T15:29:07","date_gmt":"2025-03-10T14:29:07","guid":{"rendered":"https:\/\/knyphausen-wein.de\/homepage\/product\/baron-kennenlernpaket\/"},"modified":"2026-04-15T13:04:24","modified_gmt":"2026-04-15T11:04:24","slug":"baron-kennenlernpaket","status":"publish","type":"product","link":"https:\/\/knyphausen-wein.de\/homepage\/product\/baron-kennenlernpaket\/","title":{"rendered":"Baron Kennenlernpaket"},"content":{"rendered":"<p>Ihr kennt Baron Knyphausen noch nicht oder wollt eure Lieblinge einfach bequem in einem Mischpaket kaufen? Dann ist dieses Paket das richtige f\u00fcr euch um unseren Stil kennenzulernen und euch langsam in Richtung VDP.ERSTE LAGE oder VDP.GROSSES GEW\u00c4CHS vorzutasten.<\/p>\n<p>Hier bekommt ihr:<\/p>\n<ol>\n<li>2024 VDP.GUTSWEIN Riesling 1141 BIO &#8211; Unser trockener Einstiegsriesling, mit kr\u00e4utrigen Ankl\u00e4ngen und etwas exotischeren Fruchtnoten.<\/li>\n<li>2024 VDP.GUTSWEIN Riesling 1818 feinherb BIO &#8211; Gelbfruchtige bis exotische Fruchtnoten. Ein toller Begleiter f\u00fcr viele Vorspeisen, Suppen und sommerliche Salate.<\/li>\n<li>2023 VDP.GUTSWEIN Riesling CHARTA &#8211; Ein charakterstarker, vollmundiger Riesling aus dem gro\u00dfen St\u00fcckfass.\u00a0Erh\u00e4lt durch das\u00a0Jahr zus\u00e4tzlicher Reife eine F\u00fclle, die es zu einem gro\u00dfartigen Begleiter f\u00fcr kr\u00e4ftigere Gerichte macht.<\/li>\n<li>2024 VDP.GUTSWEIN Roter Riesling BIO- die Rebsorte galt als ausgestorben und wurde erst im Jahr 2000 wiederentdeckt. Wir waren eines der ersten Weing\u00fcter der Welt, die diese Ur-Form des heutigen Riesling wieder angebaut hat. Hat ein samtigeres Mundgef\u00fchl und deutlich mehr Exotik, als der herk\u00f6mmliche Riesling. Trotz des Namens ist es ein Wei\u00dfwein.<\/li>\n<li>2023 VDP. GUTSWEIN Historischer Rebensatz &#8211; ein Feldcuve\u00e9 aus 7 verschiedenen Rebsorten, die zusammen im selben Weinberg angebaut, gemeinsam gelesen und gemeinsam ausgebaut werden. Diese Anbauform ist nach mittelalterlichem Vorbild. In unserem Historischen Rebensatz finden sich Riesling, Roter Riesling, Silvaner, Gew\u00fcrztraminer, Elbling, Gelber Orleans und Heunisch.<\/li>\n<li>2020 VDP.GUTSWEIN Sp\u00e4tburgunder &#8211; 1 Jahr im Barrique gereift und weitere vier Jahre Flaschenreife im Reifekeller, machen aus diesem Sp\u00e4tburgunder einen\u00a0kraftvollen Rotwein mit w\u00fcrzigen Akzenten. \u00dcberzeigt als Solist und als Speisebegleiter auch zu dunklem Fleisch.<\/li>\n<\/ol>\n<p>All diese Weine bekommt ihr zum Kennenlernpreis von 75 EUR.<\/p>\n","protected":false},"excerpt":{"rendered":"<p>Ihr kennt Baron Knyphausen noch nicht? Dann ist dieses Paket das richtige um unseren Stil kennenzulernen.<\/p>\n","protected":false},"featured_media":13575,"template":"","meta":{"inline_featured_image":false},"product_brand":[],"product_cat":[661],"product_tag":[],"class_list":{"0":"post-13523","1":"product","2":"type-product","3":"status-publish","4":"has-post-thumbnail","6":"product_cat-aktuelle-angebote","7":"product_shipping_class-standard","8":"tm-no-options","10":"first","11":"instock","12":"taxable","13":"shipping-taxable","14":"purchasable","15":"product-type-simple"},"composite_layout":"","composite_add_to_cart_form_location":"","composite_editable_in_cart":false,"composite_sold_individually_context":"","composite_shop_price_calc":"","composite_components":[],"composite_scenarios":[],"yoast_head":"<!-- This site is optimized with the Yoast SEO Premium plugin v15.9.1 - https:\/\/yoast.com\/wordpress\/plugins\/seo\/ -->\n<title>Baron Kennenlernpaket - Baron Knyphausen<\/title>\n<meta name=\"description\" content=\"Baron Knyphausen - Wei\u00dfweine, Ros\u00e9, Rotweine, Schaumweine von h\u00f6chster Qualit\u00e4t und f\u00fcr jeden Anlass jetzt online nach Hause direkt aus dem Rheinland bestellen.\" \/>\n<link rel=\"canonical\" href=\"https:\/\/knyphausen-wein.de\/homepage\/product\/baron-kennenlernpaket\/\" \/>\n<meta property=\"og:locale\" content=\"de_DE\" \/>\n<meta property=\"og:type\" content=\"article\" \/>\n<meta property=\"og:title\" content=\"Baron Kennenlernpaket - Baron Knyphausen\" \/>\n<meta property=\"og:description\" content=\"Baron Knyphausen - Wei\u00dfweine, Ros\u00e9, Rotweine, Schaumweine von h\u00f6chster Qualit\u00e4t und f\u00fcr jeden Anlass jetzt online nach Hause direkt aus dem Rheinland bestellen.\" \/>\n<meta property=\"og:url\" content=\"https:\/\/knyphausen-wein.de\/homepage\/product\/baron-kennenlernpaket\/\" \/>\n<meta property=\"og:site_name\" content=\"Baron Knyphausen\" \/>\n<meta property=\"article:publisher\" content=\"https:\/\/www.facebook.com\/weingutbaronknyphausen\" \/>\n<meta property=\"article:modified_time\" content=\"2026-04-15T11:04:24+00:00\" \/>\n<meta property=\"og:image\" content=\"https:\/\/knyphausen-wein.de\/wp-content\/uploads\/2026\/03\/Herbstpaket-1-png.png\" \/>\n\t<meta property=\"og:image:width\" content=\"1080\" \/>\n\t<meta property=\"og:image:height\" content=\"1080\" \/>\n<meta name=\"twitter:card\" content=\"summary_large_image\" \/>\n<meta name=\"twitter:label1\" content=\"Preis\">\n\t<meta name=\"twitter:data1\" content=\"75,00&euro;\">\n\t<meta name=\"twitter:label2\" content=\"Availability\">\n\t<meta name=\"twitter:data2\" content=\"In stock\">\n<script type=\"application\/ld+json\" class=\"yoast-schema-graph\">{\"@context\":\"https:\/\/schema.org\",\"@graph\":[{\"@type\":\"Organization\",\"@id\":\"https:\/\/knyphausen-wein.de\/homepage\/#organization\",\"name\":\"Baron Knyphausen\",\"url\":\"https:\/\/knyphausen-wein.de\/homepage\/\",\"sameAs\":[\"https:\/\/www.facebook.com\/weingutbaronknyphausen\",\"https:\/\/www.instagram.com\/weingutbaronknyphausen\/\"],\"logo\":{\"@type\":\"ImageObject\",\"@id\":\"https:\/\/knyphausen-wein.de\/homepage\/#logo\",\"inLanguage\":\"de\",\"url\":\"https:\/\/knyphausen-wein.de\/wp-content\/uploads\/2021\/02\/logo_bk_png.png\",\"width\":486,\"height\":162,\"caption\":\"Baron Knyphausen\"},\"image\":{\"@id\":\"https:\/\/knyphausen-wein.de\/homepage\/#logo\"}},{\"@type\":\"WebSite\",\"@id\":\"https:\/\/knyphausen-wein.de\/homepage\/#website\",\"url\":\"https:\/\/knyphausen-wein.de\/homepage\/\",\"name\":\"Baron Knyphausen\",\"description\":\"Weinshop\",\"publisher\":{\"@id\":\"https:\/\/knyphausen-wein.de\/homepage\/#organization\"},\"potentialAction\":[{\"@type\":\"SearchAction\",\"target\":\"https:\/\/knyphausen-wein.de\/homepage\/?s={search_term_string}\",\"query-input\":\"required name=search_term_string\"}],\"inLanguage\":\"de\"},{\"@type\":\"ImageObject\",\"@id\":\"https:\/\/knyphausen-wein.de\/homepage\/product\/baron-kennenlernpaket\/#primaryimage\",\"inLanguage\":\"de\",\"url\":\"https:\/\/knyphausen-wein.de\/wp-content\/uploads\/2026\/03\/Herbstpaket-1-png.png\",\"width\":1080,\"height\":1080,\"caption\":\"Herbstpaket (1).png\"},{\"@type\":\"WebPage\",\"@id\":\"https:\/\/knyphausen-wein.de\/homepage\/product\/baron-kennenlernpaket\/#webpage\",\"url\":\"https:\/\/knyphausen-wein.de\/homepage\/product\/baron-kennenlernpaket\/\",\"name\":\"Baron Kennenlernpaket - Baron Knyphausen\",\"isPartOf\":{\"@id\":\"https:\/\/knyphausen-wein.de\/homepage\/#website\"},\"primaryImageOfPage\":{\"@id\":\"https:\/\/knyphausen-wein.de\/homepage\/product\/baron-kennenlernpaket\/#primaryimage\"},\"datePublished\":\"2025-03-10T14:29:07+00:00\",\"dateModified\":\"2026-04-15T11:04:24+00:00\",\"description\":\"Baron Knyphausen - Wei\\u00dfweine, Ros\\u00e9, Rotweine, Schaumweine von h\\u00f6chster Qualit\\u00e4t und f\\u00fcr jeden Anlass jetzt online nach Hause direkt aus dem Rheinland bestellen.\",\"breadcrumb\":{\"@id\":\"https:\/\/knyphausen-wein.de\/homepage\/product\/baron-kennenlernpaket\/#breadcrumb\"},\"inLanguage\":\"de\",\"potentialAction\":[{\"@type\":\"ReadAction\",\"target\":[\"https:\/\/knyphausen-wein.de\/homepage\/product\/baron-kennenlernpaket\/\"]}]},{\"@type\":\"BreadcrumbList\",\"@id\":\"https:\/\/knyphausen-wein.de\/homepage\/product\/baron-kennenlernpaket\/#breadcrumb\",\"itemListElement\":[{\"@type\":\"ListItem\",\"position\":1,\"item\":{\"@type\":\"WebPage\",\"@id\":\"https:\/\/knyphausen-wein.de\/homepage\/\",\"url\":\"https:\/\/knyphausen-wein.de\/homepage\/\",\"name\":\"Startseite\"}},{\"@type\":\"ListItem\",\"position\":2,\"item\":{\"@type\":\"WebPage\",\"@id\":\"https:\/\/knyphausen-wein.de\/homepage\/shop\/\",\"url\":\"https:\/\/knyphausen-wein.de\/homepage\/shop\/\",\"name\":\"Weinshop\"}},{\"@type\":\"ListItem\",\"position\":3,\"item\":{\"@type\":\"WebPage\",\"@id\":\"https:\/\/knyphausen-wein.de\/homepage\/product\/baron-kennenlernpaket\/\",\"url\":\"https:\/\/knyphausen-wein.de\/homepage\/product\/baron-kennenlernpaket\/\",\"name\":\"Baron Kennenlernpaket\"}}]}]}<\/script>\n<!-- \/ Yoast SEO Premium plugin. -->","_links":{"self":[{"href":"https:\/\/knyphausen-wein.de\/homepage\/wp-json\/wp\/v2\/product\/13523","targetHints":{"allow":["GET"]}}],"collection":[{"href":"https:\/\/knyphausen-wein.de\/homepage\/wp-json\/wp\/v2\/product"}],"about":[{"href":"https:\/\/knyphausen-wein.de\/homepage\/wp-json\/wp\/v2\/types\/product"}],"wp:featuredmedia":[{"embeddable":true,"href":"https:\/\/knyphausen-wein.de\/homepage\/wp-json\/wp\/v2\/media\/13575"}],"wp:attachment":[{"href":"https:\/\/knyphausen-wein.de\/homepage\/wp-json\/wp\/v2\/media?parent=13523"}],"wp:term":[{"taxonomy":"product_brand","embeddable":true,"href":"https:\/\/knyphausen-wein.de\/homepage\/wp-json\/wp\/v2\/product_brand?post=13523"},{"taxonomy":"product_cat","embeddable":true,"href":"https:\/\/knyphausen-wein.de\/homepage\/wp-json\/wp\/v2\/product_cat?post=13523"},{"taxonomy":"product_tag","embeddable":true,"href":"https:\/\/knyphausen-wein.de\/homepage\/wp-json\/wp\/v2\/product_tag?post=13523"}],"curies":[{"name":"wp","href":"https:\/\/api.w.org\/{rel}","templated":true}]}}