{"id":3630,"date":"2021-02-16T11:45:06","date_gmt":"2021-02-16T10:45:06","guid":{"rendered":"https:\/\/knyphausen-wein.de\/product\/erbacher-wisselbrunnen-2\/"},"modified":"2026-04-13T09:07:41","modified_gmt":"2026-04-13T07:07:41","slug":"erbacher-wisselbrunnen-riesling-spaetlese-trocken","status":"publish","type":"product","link":"https:\/\/knyphausen-wein.de\/homepage\/product\/erbacher-wisselbrunnen-riesling-spaetlese-trocken\/","title":{"rendered":"2003 VDP.GROSSE LAGE Hattenheimer WISSELBRUNNEN Riesling Sp\u00e4tlese trockene Art"},"content":{"rendered":"<p>Die Sp\u00e4tlese trocken &#8211; das war quasi der Name f\u00fcr ein GG bevor es Gro\u00dfes Gew\u00e4chs genannt wurde. Der Hattenheimer WISSELBRUNNEN Sp\u00e4tlese trockene Art aus dem Rekordjahr 2003 ist ein unglaublich gut gereifter und \u00fcber 20 Jahre alter Riesling. Nur die allerbesten trockenen Wei\u00dfweine kann man jenseits der 20 Jahre lagern und dann immer noch genie\u00dfen. Die Lage Hattenheimer WISSELBRUNNEN in der Bearbeitung f\u00e4higer Winzer, bringt solche Weine regelm\u00e4\u00dfig hervor. <\/p>\n<p>Dunkles Goldgelb im Glas. Sehr frische bis runde, dezent kr\u00e4utrige Nase. Im Mund mit leichtem Schmelz, Zitruszeste und Quitte, ein charmanter Wein mit &#8220;Sonne im Glas&#8221;. Saftig, gute Struktur und nachhaltiger Abgang.<\/p>\n<p>Auszeichnungen:<\/p>\n<p>3 rote Trauben &#8211; Gault Millau<\/p>\n","protected":false},"excerpt":{"rendered":"<p>Dunkles Goldgelb im Glas. Sehr frische bis runde, dezent kr\u00e4utrige Nase. Im Mund mit leichtem Schmelz, Zitruszeste und Quitte, ein charmanter Wein mit &#8220;Sonne im Glas&#8221;. Saftig, gute Struktur und nachhaltiger Abgang.<\/p>\n","protected":false},"featured_media":13539,"template":"","meta":{"inline_featured_image":false},"product_brand":[],"product_cat":[665],"product_tag":[393,389],"class_list":{"0":"post-3630","1":"product","2":"type-product","3":"status-publish","4":"has-post-thumbnail","6":"product_cat-gutswein","7":"product_tag-grosse","8":"product_tag-lage","9":"product_shipping_class-standard","10":"tm-no-options","12":"first","13":"instock","14":"taxable","15":"shipping-taxable","16":"purchasable","17":"product-type-simple"},"composite_layout":"","composite_add_to_cart_form_location":"","composite_editable_in_cart":false,"composite_sold_individually_context":"","composite_shop_price_calc":"","composite_components":[],"composite_scenarios":[],"yoast_head":"<!-- This site is optimized with the Yoast SEO Premium plugin v15.9.1 - https:\/\/yoast.com\/wordpress\/plugins\/seo\/ -->\n<title>2003 VDP.GROSSE LAGE Hattenheimer WISSELBRUNNEN Riesling Sp\u00e4tlese trockene Art - Baron Knyphausen<\/title>\n<meta name=\"description\" content=\"Baron Knyphausen - Wei\u00dfweine, Ros\u00e9, Rotweine, Schaumweine von h\u00f6chster Qualit\u00e4t und f\u00fcr jeden Anlass jetzt online nach Hause direkt aus dem Rheinland bestellen.\" \/>\n<link rel=\"canonical\" href=\"https:\/\/knyphausen-wein.de\/homepage\/product\/erbacher-wisselbrunnen-riesling-spaetlese-trocken\/\" \/>\n<meta property=\"og:locale\" content=\"de_DE\" \/>\n<meta property=\"og:type\" content=\"article\" \/>\n<meta property=\"og:title\" content=\"2003 VDP.GROSSE LAGE Hattenheimer WISSELBRUNNEN Riesling Sp\u00e4tlese trockene Art - Baron Knyphausen\" \/>\n<meta property=\"og:description\" content=\"Baron Knyphausen - Wei\u00dfweine, Ros\u00e9, Rotweine, Schaumweine von h\u00f6chster Qualit\u00e4t und f\u00fcr jeden Anlass jetzt online nach Hause direkt aus dem Rheinland bestellen.\" \/>\n<meta property=\"og:url\" content=\"https:\/\/knyphausen-wein.de\/homepage\/product\/erbacher-wisselbrunnen-riesling-spaetlese-trocken\/\" \/>\n<meta property=\"og:site_name\" content=\"Baron Knyphausen\" \/>\n<meta property=\"article:publisher\" content=\"https:\/\/www.facebook.com\/weingutbaronknyphausen\" \/>\n<meta property=\"article:modified_time\" content=\"2026-04-13T07:07:41+00:00\" \/>\n<meta property=\"og:image\" content=\"https:\/\/knyphausen-wein.de\/wp-content\/uploads\/2026\/03\/Wisselbrunnen_2003-png.png\" \/>\n\t<meta property=\"og:image:width\" content=\"1080\" \/>\n\t<meta property=\"og:image:height\" content=\"1080\" \/>\n<meta name=\"twitter:card\" content=\"summary_large_image\" \/>\n<meta name=\"twitter:label1\" content=\"Preis\">\n\t<meta name=\"twitter:data1\" content=\"49,00&euro;\">\n\t<meta name=\"twitter:label2\" content=\"Availability\">\n\t<meta name=\"twitter:data2\" content=\"In stock\">\n<script type=\"application\/ld+json\" class=\"yoast-schema-graph\">{\"@context\":\"https:\/\/schema.org\",\"@graph\":[{\"@type\":\"Organization\",\"@id\":\"https:\/\/knyphausen-wein.de\/homepage\/#organization\",\"name\":\"Baron Knyphausen\",\"url\":\"https:\/\/knyphausen-wein.de\/homepage\/\",\"sameAs\":[\"https:\/\/www.facebook.com\/weingutbaronknyphausen\",\"https:\/\/www.instagram.com\/weingutbaronknyphausen\/\"],\"logo\":{\"@type\":\"ImageObject\",\"@id\":\"https:\/\/knyphausen-wein.de\/homepage\/#logo\",\"inLanguage\":\"de\",\"url\":\"https:\/\/knyphausen-wein.de\/wp-content\/uploads\/2021\/02\/logo_bk_png.png\",\"width\":486,\"height\":162,\"caption\":\"Baron Knyphausen\"},\"image\":{\"@id\":\"https:\/\/knyphausen-wein.de\/homepage\/#logo\"}},{\"@type\":\"WebSite\",\"@id\":\"https:\/\/knyphausen-wein.de\/homepage\/#website\",\"url\":\"https:\/\/knyphausen-wein.de\/homepage\/\",\"name\":\"Baron Knyphausen\",\"description\":\"Weinshop\",\"publisher\":{\"@id\":\"https:\/\/knyphausen-wein.de\/homepage\/#organization\"},\"potentialAction\":[{\"@type\":\"SearchAction\",\"target\":\"https:\/\/knyphausen-wein.de\/homepage\/?s={search_term_string}\",\"query-input\":\"required name=search_term_string\"}],\"inLanguage\":\"de\"},{\"@type\":\"ImageObject\",\"@id\":\"https:\/\/knyphausen-wein.de\/homepage\/product\/erbacher-wisselbrunnen-riesling-spaetlese-trocken\/#primaryimage\",\"inLanguage\":\"de\",\"url\":\"https:\/\/knyphausen-wein.de\/wp-content\/uploads\/2026\/03\/Wisselbrunnen_2003-png.png\",\"width\":1080,\"height\":1080,\"caption\":\"Wisselbrunnen_2003.png\"},{\"@type\":\"WebPage\",\"@id\":\"https:\/\/knyphausen-wein.de\/homepage\/product\/erbacher-wisselbrunnen-riesling-spaetlese-trocken\/#webpage\",\"url\":\"https:\/\/knyphausen-wein.de\/homepage\/product\/erbacher-wisselbrunnen-riesling-spaetlese-trocken\/\",\"name\":\"2003 VDP.GROSSE LAGE Hattenheimer WISSELBRUNNEN Riesling Sp\\u00e4tlese trockene Art - Baron Knyphausen\",\"isPartOf\":{\"@id\":\"https:\/\/knyphausen-wein.de\/homepage\/#website\"},\"primaryImageOfPage\":{\"@id\":\"https:\/\/knyphausen-wein.de\/homepage\/product\/erbacher-wisselbrunnen-riesling-spaetlese-trocken\/#primaryimage\"},\"datePublished\":\"2021-02-16T10:45:06+00:00\",\"dateModified\":\"2026-04-13T07:07:41+00:00\",\"description\":\"Baron Knyphausen - Wei\\u00dfweine, Ros\\u00e9, Rotweine, Schaumweine von h\\u00f6chster Qualit\\u00e4t und f\\u00fcr jeden Anlass jetzt online nach Hause direkt aus dem Rheinland bestellen.\",\"breadcrumb\":{\"@id\":\"https:\/\/knyphausen-wein.de\/homepage\/product\/erbacher-wisselbrunnen-riesling-spaetlese-trocken\/#breadcrumb\"},\"inLanguage\":\"de\",\"potentialAction\":[{\"@type\":\"ReadAction\",\"target\":[\"https:\/\/knyphausen-wein.de\/homepage\/product\/erbacher-wisselbrunnen-riesling-spaetlese-trocken\/\"]}]},{\"@type\":\"BreadcrumbList\",\"@id\":\"https:\/\/knyphausen-wein.de\/homepage\/product\/erbacher-wisselbrunnen-riesling-spaetlese-trocken\/#breadcrumb\",\"itemListElement\":[{\"@type\":\"ListItem\",\"position\":1,\"item\":{\"@type\":\"WebPage\",\"@id\":\"https:\/\/knyphausen-wein.de\/homepage\/\",\"url\":\"https:\/\/knyphausen-wein.de\/homepage\/\",\"name\":\"Startseite\"}},{\"@type\":\"ListItem\",\"position\":2,\"item\":{\"@type\":\"WebPage\",\"@id\":\"https:\/\/knyphausen-wein.de\/homepage\/shop\/\",\"url\":\"https:\/\/knyphausen-wein.de\/homepage\/shop\/\",\"name\":\"Weinshop\"}},{\"@type\":\"ListItem\",\"position\":3,\"item\":{\"@type\":\"WebPage\",\"@id\":\"https:\/\/knyphausen-wein.de\/homepage\/product\/erbacher-wisselbrunnen-riesling-spaetlese-trocken\/\",\"url\":\"https:\/\/knyphausen-wein.de\/homepage\/product\/erbacher-wisselbrunnen-riesling-spaetlese-trocken\/\",\"name\":\"2003 VDP.GROSSE LAGE Hattenheimer WISSELBRUNNEN Riesling Sp\\u00e4tlese trockene Art\"}}]}]}<\/script>\n<!-- \/ Yoast SEO Premium plugin. -->","_links":{"self":[{"href":"https:\/\/knyphausen-wein.de\/homepage\/wp-json\/wp\/v2\/product\/3630","targetHints":{"allow":["GET"]}}],"collection":[{"href":"https:\/\/knyphausen-wein.de\/homepage\/wp-json\/wp\/v2\/product"}],"about":[{"href":"https:\/\/knyphausen-wein.de\/homepage\/wp-json\/wp\/v2\/types\/product"}],"wp:featuredmedia":[{"embeddable":true,"href":"https:\/\/knyphausen-wein.de\/homepage\/wp-json\/wp\/v2\/media\/13539"}],"wp:attachment":[{"href":"https:\/\/knyphausen-wein.de\/homepage\/wp-json\/wp\/v2\/media?parent=3630"}],"wp:term":[{"taxonomy":"product_brand","embeddable":true,"href":"https:\/\/knyphausen-wein.de\/homepage\/wp-json\/wp\/v2\/product_brand?post=3630"},{"taxonomy":"product_cat","embeddable":true,"href":"https:\/\/knyphausen-wein.de\/homepage\/wp-json\/wp\/v2\/product_cat?post=3630"},{"taxonomy":"product_tag","embeddable":true,"href":"https:\/\/knyphausen-wein.de\/homepage\/wp-json\/wp\/v2\/product_tag?post=3630"}],"curies":[{"name":"wp","href":"https:\/\/api.w.org\/{rel}","templated":true}]}}